{"id":5,"date":"2009-11-22T16:11:06","date_gmt":"2009-11-22T15:11:06","guid":{"rendered":"http:\/\/2019.economicsofeducation.com\/en\/?page_id=5"},"modified":"2025-05-19T18:32:39","modified_gmt":"2025-05-19T16:32:39","slug":"committees","status":"publish","type":"page","link":"https:\/\/2025.economicsofeducation.com\/es\/committees\/","title":{"rendered":"Comit\u00e9s"},"content":{"rendered":"<p>&nbsp;<\/p>\n<h2><strong>Comit\u00e9 cient\u00edfico:<\/strong><\/h2>\n<ul>\n<li><strong>Presidente:\u00a0<\/strong>Mauro Mediavilla Bordalejo, Universitat de Val\u00e8ncia, Espa\u00f1a<\/li>\n<li>Tommaso Agasisti, Politecnico di Milano School of Management, Italia<\/li>\n<li>Caterina Calsamiglia, Institute of Political Economy and Governance, Espa\u00f1a<\/li>\n<li>Cinzia Daraio, Universidad de Roma, Italia<\/li>\n<li>Hessel Oosterbeek, Universidad de Amsterdam, Pa\u00edses Bajos<\/li>\n<li>Julien Grenet, Paris School of Economics, Francia<\/li>\n<li>Ludger Woessmann, Universidad de Munich, Alemania<\/li>\n<li>Sandra MacNally, Universidad de Surrey, Inglaterra<\/li>\n<li>Stefan Wolter, Universidad de Bern, Suiza<\/li>\n<li>Stephen Machin, London School of Economics, Inglaterra<\/li>\n<li>Jos\u00e9 Manuel Cordero Ferrera, Universidad de Extremadura, Espa\u00f1a<\/li>\n<li>Gregorio Gim\u00e9nez Esteban, Universidad de Zaragoza, Espa\u00f1a<\/li>\n<li>Jose Mar\u00eda G\u00f3mez Sancho, Universidad de Zaragoza, Espa\u00f1a<\/li>\n<li>Sara M. Gonz\u00e1lez-Betancor, Universidad de Las Palmas de Gran Canaria, Espa\u00f1a<\/li>\n<li>Luis Alejandro Lopez-Agudo, Universidad de M\u00e1laga, Espa\u00f1a<\/li>\n<li>Mar\u00eda Jes\u00fas Manceb\u00f3n Torrubia, Universidad de Zaragoza, Espa\u00f1a<\/li>\n<li>Mart\u00edn Mart\u00edn Gonz\u00e1lez, Universidad Europea de Canarias, Espa\u00f1a<\/li>\n<li>Luis Pires Jim\u00e9nez, Universidad Rey Juan Carlos, Espa\u00f1a<\/li>\n<li>Ismael Sanz Labrador, Universidad Rey Juan Carlos, Espa\u00f1a<\/li>\n<\/ul>\n<p>&nbsp;<\/p>\n<h2><strong>Comit\u00e9 organizador local:<\/strong><\/h2>\n<ul>\n<li><strong>Coordinador:<\/strong> Tommaso Agasisti, Politecnico di Milano School of Management, Italia<\/li>\n<li>Mara Soncin, Politecnico di Milano School of Management, Italia<\/li>\n<li><span data-olk-copy-source=\"MessageBody\">Geatano Francesco Coppeta, Politecnico di Milano School of Management, Italia<\/span><\/li>\n<li>Giulia Vaiani, Politecnico di Milano School of Management, Italia<\/li>\n<li>Giovanni Antonini, Politecnico di Milano School of Management, Italia<\/li>\n<li>Gabriele Iannotta, Politecnico di Milano School of Management, Italia<\/li>\n<li>Mauro Mediavilla Bordalejo, Universitat de Val\u00e8ncia, Espa\u00f1a<\/li>\n<li>Sara M. Gonz\u00e1lez-Betancor, Universidad de Las Palmas de Gran Canaria, Espa\u00f1a<\/li>\n<li>Mar\u00eda Jes\u00fas Manceb\u00f3n Torrubia, Universidad de Zaragoza, Espa\u00f1a<\/li>\n<li>Mart\u00edn Mart\u00edn Gonz\u00e1lez, Universidad Europea de Canarias, Espa\u00f1a<\/li>\n<li>Luis Pires Jim\u00e9nez, Universidad Rey Juan Carlos, Espa\u00f1a<\/li>\n<\/ul>\n","protected":false},"excerpt":{"rendered":"<p>&nbsp; Comit\u00e9 cient\u00edfico: Presidente:\u00a0Mauro Mediavilla Bordalejo, Universitat de Val\u00e8ncia, Espa\u00f1a Tommaso Agasisti, Politecnico di Milano School of Management, Italia Caterina Calsamiglia, Institute of Political Economy and Governance, Espa\u00f1a Cinzia Daraio, Universidad de Roma, Italia Hessel Oosterbeek, Universidad de Amsterdam, Pa\u00edses Bajos Julien Grenet, Paris School of Economics, Francia Ludger Woessmann, Universidad de Munich, Alemania Sandra&#8230; <\/p>\n<div class=\"clear\"><\/div>\n<p><a href=\"https:\/\/2025.economicsofeducation.com\/es\/committees\/\" class=\"gdlr-info-font excerpt-read-more\">Read More<\/a><\/p>\n","protected":false},"author":421,"featured_media":0,"parent":0,"menu_order":60,"comment_status":"closed","ping_status":"closed","template":"","meta":{"footnotes":""},"class_list":["post-5","page","type-page","status-publish","hentry"],"_links":{"self":[{"href":"https:\/\/2025.economicsofeducation.com\/es\/wp-json\/wp\/v2\/pages\/5","targetHints":{"allow":["GET"]}}],"collection":[{"href":"https:\/\/2025.economicsofeducation.com\/es\/wp-json\/wp\/v2\/pages"}],"about":[{"href":"https:\/\/2025.economicsofeducation.com\/es\/wp-json\/wp\/v2\/types\/page"}],"author":[{"embeddable":true,"href":"https:\/\/2025.economicsofeducation.com\/es\/wp-json\/wp\/v2\/users\/421"}],"replies":[{"embeddable":true,"href":"https:\/\/2025.economicsofeducation.com\/es\/wp-json\/wp\/v2\/comments?post=5"}],"version-history":[{"count":12,"href":"https:\/\/2025.economicsofeducation.com\/es\/wp-json\/wp\/v2\/pages\/5\/revisions"}],"predecessor-version":[{"id":5609,"href":"https:\/\/2025.economicsofeducation.com\/es\/wp-json\/wp\/v2\/pages\/5\/revisions\/5609"}],"wp:attachment":[{"href":"https:\/\/2025.economicsofeducation.com\/es\/wp-json\/wp\/v2\/media?parent=5"}],"curies":[{"name":"wp","href":"https:\/\/api.w.org\/{rel}","templated":true}]}}

Comités

<p>&nbsp;</p>
<h2><strong>Comité científico:</strong></h2>
<ul>
<li><strong>Presidente: </strong>Mauro Mediavilla Bordalejo, Universitat de València, España</li>
<li>Tommaso Agasisti, Politecnico di Milano School of Management, Italia</li>
<li>Caterina Calsamiglia, Institute of Political Economy and Governance, España</li>
<li>Cinzia Daraio, Universidad de Roma, Italia</li>
<li>Hessel Oosterbeek, Universidad de Amsterdam, Países Bajos</li>
<li>Julien Grenet, Paris School of Economics, Francia</li>
<li>Ludger Woessmann, Universidad de Munich, Alemania</li>
<li>Sandra MacNally, Universidad de Surrey, Inglaterra</li>
<li>Stefan Wolter, Universidad de Bern, Suiza</li>
<li>Stephen Machin, London School of Economics, Inglaterra</li>
<li>José Manuel Cordero Ferrera, Universidad de Extremadura, España</li>
<li>Gregorio Giménez Esteban, Universidad de Zaragoza, España</li>
<li>Jose María Gómez Sancho, Universidad de Zaragoza, España</li>
<li>Sara M. González-Betancor, Universidad de Las Palmas de Gran Canaria, España</li>
<li>Luis Alejandro Lopez-Agudo, Universidad de Málaga, España</li>
<li>María Jesús Mancebón Torrubia, Universidad de Zaragoza, España</li>
<li>Martín Martín González, Universidad Europea de Canarias, España</li>
<li>Luis Pires Jiménez, Universidad Rey Juan Carlos, España</li>
<li>Ismael Sanz Labrador, Universidad Rey Juan Carlos, España</li>
</ul>
<p>&nbsp;</p>
<h2><strong>Comité organizador local:</strong></h2>
<ul>
<li><strong>Coordinador:</strong> Tommaso Agasisti, Politecnico di Milano School of Management, Italia</li>
<li>Mara Soncin, Politecnico di Milano School of Management, Italia</li>
<li><span data-olk-copy-source="MessageBody">Geatano Francesco Coppeta, Politecnico di Milano School of Management, Italia</span></li>
<li>Giulia Vaiani, Politecnico di Milano School of Management, Italia</li>
<li>Giovanni Antonini, Politecnico di Milano School of Management, Italia</li>
<li>Gabriele Iannotta, Politecnico di Milano School of Management, Italia</li>
<li>Mauro Mediavilla Bordalejo, Universitat de València, España</li>
<li>Sara M. González-Betancor, Universidad de Las Palmas de Gran Canaria, España</li>
<li>María Jesús Mancebón Torrubia, Universidad de Zaragoza, España</li>
<li>Martín Martín González, Universidad Europea de Canarias, España</li>
<li>Luis Pires Jiménez, Universidad Rey Juan Carlos, España</li>
</ul>

<p>&nbsp; Comité científico: Presidente: Mauro Mediavilla Bordalejo, Universitat de València, España Tommaso Agasisti, Politecnico di Milano School of Management, Italia Caterina Calsamiglia, Institute of Political Economy and Governance, España Cinzia Daraio, Universidad de Roma, Italia Hessel Oosterbeek, Universidad de Amsterdam, Países Bajos Julien Grenet, Paris School of Economics, Francia Ludger Woessmann, Universidad de Munich, Alemania Sandra&#8230; </p>
<div class="clear"></div>
<p><a href="https://2025.economicsofeducation.com/es/committees/" class="gdlr-info-font excerpt-read-more">Read More</a></p>
